{"id":25,"date":"2023-12-09T04:34:23","date_gmt":"2023-12-09T03:34:23","guid":{"rendered":"https:\/\/mistalentos.cl\/cti\/?page_id=25"},"modified":"2024-07-29T13:18:02","modified_gmt":"2024-07-29T17:18:02","slug":"login","status":"publish","type":"page","link":"https:\/\/mistalentos.cl\/cti\/","title":{"rendered":"login"},"content":{"rendered":"<style>\/*! elementor - v3.23.0 - 25-07-2024 *\/\n.elementor-widget-image{text-align:center}.elementor-widget-image a{display:inline-block}.elementor-widget-image a img[src$=\".svg\"]{width:48px}.elementor-widget-image img{vertical-align:middle;display:inline-block}<\/style>\n<p>\t\t\t\t\t\t\t\t\t\t<img loading=\"lazy\" decoding=\"async\" width=\"329\" height=\"100\" src=\"https:\/\/mistalentos.cl\/cti\/wp-content\/uploads\/2023\/12\/logo-conecta-ti.png\" alt=\"\" srcset=\"https:\/\/mistalentos.cl\/cti\/wp-content\/uploads\/2023\/12\/logo-conecta-ti.png 329w, https:\/\/mistalentos.cl\/cti\/wp-content\/uploads\/2023\/12\/logo-conecta-ti-300x91.png 300w\" sizes=\"auto, (max-width: 329px) 100vw, 329px\" \/><br \/>\n\t\t\t\t\t\t\t\t\t\t\t\t\t<img loading=\"lazy\" decoding=\"async\" width=\"384\" height=\"150\" src=\"https:\/\/mistalentos.cl\/cti\/wp-content\/uploads\/2023\/12\/logo-mistalentos-1.png\" alt=\"\" srcset=\"https:\/\/mistalentos.cl\/cti\/wp-content\/uploads\/2023\/12\/logo-mistalentos-1.png 384w, https:\/\/mistalentos.cl\/cti\/wp-content\/uploads\/2023\/12\/logo-mistalentos-1-300x117.png 300w\" sizes=\"auto, (max-width: 384px) 100vw, 384px\" \/><br \/>\n\t\t\t\t\t\t\t\t\t\t\t\t\t<img loading=\"lazy\" decoding=\"async\" width=\"140\" height=\"88\" src=\"https:\/\/mistalentos.cl\/cti\/wp-content\/uploads\/2023\/12\/logo-mc-blanco.svg\" alt=\"\" \/>\t\t\t\t\t\t\t\t\t\t\t\t\t<\/p>\n<p><b>CONECTA TI es parte del Programa Transici\u00f3n Inclusiva: <\/b>educaci\u00f3n, discapacidad y trabajo que impulsa Fundaci\u00f3n Mis Talentos en colaboraci\u00f3n con Fundaci\u00f3n MC.<\/p>\n<\/p>\n<p>\u00a1Hola! Est\u00e1s a punto de ingresar a CONECTA TI, una plataforma que facilita la colaboraci\u00f3n entre comunidades educativas de ense\u00f1anza media, instituciones de educaci\u00f3n superior y comunidades laborales para facilitar el tr\u00e1nsito de personas con discapacidad (PCD) desde la educaci\u00f3n hacia el trabajo.<\/p>\n<p><strong>\u00bfAun no eres parte de Transici\u00f3n Inclusiva?<br \/><\/strong>escr\u00edbenos a <a href=\"mailto:alianzas@mistalentos.cl\">alianzas@mistalentos.cl<\/a> y conversemos.<\/p>\n<form name=\"loginform\" id=\"loginform\"  method=\"post\">\n<p>\n\t\t\t\t<label for=\"user_login\">Rut (Sin punto ni guion) \/ email si eres organizaci\u00f3n<\/label><br \/>\n\t\t\t\t<input type=\"text\" name=\"log\" id=\"user_login\" placeholder=\"Ingresa Rut o email\" autocomplete=\"username\" value=\"\" size=\"20\" \/>\n\t\t\t<\/p>\n<p>\n\t\t\t\t<label for=\"user_pass\"> Clave<\/label><br \/>\n\t\t\t\t<input type=\"password\" name=\"pwd\" id=\"user_pass\" placeholder=\"Ingresa tu clave\" autocomplete=\"current-password\" spellcheck=\"false\" value=\"\" size=\"20\" \/>\n\t\t\t<\/p>\n<p><label><input name=\"rememberme\" type=\"checkbox\" id=\"rememberme\" value=\"forever\" \/> Recordar sesi\u00f3n<\/label><\/p>\n<p>\n\t\t\t\t<input type=\"submit\" name=\"wp-submit\" id=\"wp-submit\" value=\"Entrar\" \/><br \/>\n\t\t\t\t<input type=\"hidden\" name=\"redirect_to\" value=\"https:\/\/mistalentos.cl\/cti\/home-plataforma\/\" \/>\n\t\t\t<\/p>\n<p><input type=\"hidden\" name=\"jet_login\" value=\"1\"><\/form>\n<p><a href=\"https:\/\/mistalentos.cl\/cti\/wp-login.php?action=lostpassword\">Recuperar mi contrase\u00f1a<\/a><br \/>\n\t\t\t<a href=\"https:\/\/mistalentos.cl\/cti\/home-plataforma\/\"><br \/>\n\t\t\t\t\t\t\t\t\tingresar<br \/>\n\t\t\t\t\t<\/a><\/p>\n","protected":false},"excerpt":{"rendered":"<p>CONECTA TI es parte del Programa Transici\u00f3n Inclusiva: educaci\u00f3n, discapacidad y trabajo que impulsa Fundaci\u00f3n Mis Talentos en colaboraci\u00f3n con Fundaci\u00f3n MC. \u00a1Hola! Est\u00e1s a punto de ingresar a CONECTA TI, una plataforma que facilita la colaboraci\u00f3n entre comunidades educativas de ense\u00f1anza media, instituciones de educaci\u00f3n superior y comunidades laborales para facilitar el tr\u00e1nsito de [&hellip;]<\/p>\n","protected":false},"author":1,"featured_media":0,"parent":0,"menu_order":0,"comment_status":"closed","ping_status":"closed","template":"elementor_canvas","meta":{"footnotes":""},"class_list":["post-25","page","type-page","status-publish","hentry"],"_links":{"self":[{"href":"https:\/\/mistalentos.cl\/cti\/wp-json\/wp\/v2\/pages\/25","targetHints":{"allow":["GET"]}}],"collection":[{"href":"https:\/\/mistalentos.cl\/cti\/wp-json\/wp\/v2\/pages"}],"about":[{"href":"https:\/\/mistalentos.cl\/cti\/wp-json\/wp\/v2\/types\/page"}],"author":[{"embeddable":true,"href":"https:\/\/mistalentos.cl\/cti\/wp-json\/wp\/v2\/users\/1"}],"replies":[{"embeddable":true,"href":"https:\/\/mistalentos.cl\/cti\/wp-json\/wp\/v2\/comments?post=25"}],"version-history":[{"count":30,"href":"https:\/\/mistalentos.cl\/cti\/wp-json\/wp\/v2\/pages\/25\/revisions"}],"predecessor-version":[{"id":4253,"href":"https:\/\/mistalentos.cl\/cti\/wp-json\/wp\/v2\/pages\/25\/revisions\/4253"}],"wp:attachment":[{"href":"https:\/\/mistalentos.cl\/cti\/wp-json\/wp\/v2\/media?parent=25"}],"curies":[{"name":"wp","href":"https:\/\/api.w.org\/{rel}","templated":true}]}}